-53*j + 379. Give p(7).
8
Let o(h) = -h**2 - 11*h + 9. Give o(-10).
19
Let m(o) = -o**2 - 13*o - 12. What is m(-12)?
0
Let t(f) = f**3 - 2*f**2 - 2. What is t(0)?
-2
Let x(l) = 10*l**2 + 5. What is x(3)?
95
Let z(d) = 8*d - 319. What is z(39)?
-7
Let w(d) = 2*d**3 - d**2 + d. What is w(-2)?
-22
Let g(w) = -3*w**2 + 2*w + 2. Determine g(2).
-6
Let u(q) = q**3 - 7*q**2 + 11*q + 2. Determine u(5).
7
Let t(o) = -o**3 + 5. Determine t(0).
5
Let u(v) = v**2 - 17*v + 55. What is u(10)?
-15
Let r(f) = -f + 2. What is r(9)?
-7
Let k(q) = -q**3 - 21*q**2 + 21*q - 21. Calculate k(-22).
1
Let g(j) = j**3 + 15*j**2 - 18*j - 37. Determine g(-16).
-5
Let u(d) = -3*d - 11. Determine u(-4).
1
Let w(y) = -y**3 + 2*y - 5. What is w(-3)?
16
Let s(w) = 48*w + 267. What is s(-6)?
-21
Let r(a) = 34*a - 756. Give r(22).
-8
Let r(t) = t + 2. Calculate r(-4).
-2
Let n(c) = -46*c + 15. Determine n(3).
-123
Let b(l) = -l - 18. Give b(12).
-30
Let k(o) = -o**2 + 533*o + 1063. Determine k(-2).
-7
Let u(h) = -36*h**2 - 1. Determine u(-1).
-37
Let c(z) = z**3 + z**2 - 56*z - 13. Give c(7).
-13
Let d(y) = -8*y + 77. What is d(7)?
21
Let f(b) = 5*b + 18. Give f(-8).
-22
Let s(p) = p**2 - 3*p - 3. Determine s(7).
25
Let n(f) = f**2 + 3*f + 17. Give n(-9).
71
Let b(s) = 3*s**3 - 25*s**2 + 7*s. Determine b(8).
-8
Let p(q) = q**2 - 8*q + 22. Determine p(4).
6
Let u(d) = 12*d + 492. What is u(-41)?
0
Let u(h) = -h**3 - 7*h**2 - 2*h. Determine u(-7).
14
Let n(u) = -u**3 + 3*u**2 + 2*u + 8. Determine n(4).
0
Let p(q) = -2*q**2 + 3*q + 1. What is p(-4)?
-43
Let a(j) = 22*j**3 + j**2 - 2. Determine a(-1).
-23
Let j(q) = -q**3 - q**2 + 4*q + 3. Determine j(-2).
-1
Let y(g) = -g**2 - g + 2. What is y(-4)?
-10
Let k(w) = w**2 - 5*w + 1. Calculate k(4).
-3
Let p(t) = -16*t**3 + t - 1. Give p(1).
-16
Let w(r) = -r**3 - 9*r**2 - 18*r + 18. Give w(-6).
18
Let w(g) = -4*g - 6. Give w(2).
-14
Let n(c) = -c - 10. Give n(-16).
6
Let k(f) = 7*f**2 - 12*f - 13. Determine k(-1).
6
Let a(l) = l**3 - 3*l**2 + l + 4. Give a(4).
24
Let u(m) = -m**2 - 170*m - 500. What is u(-3)?
1
Let t(a) = -a + 36. Calculate t(0).
36
Let m(f) = -6*f**2 + f + 21. Calculate m(5).
-124
Let x(l) = l**2 + 2*l - 2. Give x(2).
6
Let m(p) = -p**3 + 6*p**2 + 6*p + 6. Determine m(7).
-1
Let p(s) = -s + 14. Give p(20).
-6
Let i(w) = -w**2 + 8*w - 1. Determine i(10).
-21
Let u(x) = -x**3 - x**2 + 2*x. Determine u(0).
0
Let r(q) = 162*q**3 + q**2 + 2*q + 1. What is r(-1)?
-162
Let x(u) = 9*u + 68. What is x(14)?
194
Let o(k) = 3*k**2 + 31*k - 100. Give o(-13).
4
Let u(s) = 4*s + 6. Determine u(-10).
-34
Let j(s) = -s**3 - 9*s**2 + 8*s - 13. Determine j(-10).
7
Let h(f) = 12*f**3 + 1. Give h(-1).
-11
Let c(b) = b**3 + 14*b**2 + 12*b + 1. Calculate c(-13).
14
Let n(j) = -j**2 + 28*j + 3. What is n(29)?
-26
Let j(v) = -11*v - 189. Give j(-20).
31
Let x(z) = 4*z**3 + z**2. Calculate x(1).
5
Let f(h) = 6*h + 32. Calculate f(-10).
-28
Let k(j) = -4*j + 8. Calculate k(3).
-4
Let z(m) = -m**2 - 15*m + 17. Determine z(-14).
31
Let m(j) = -j**2 - 22*j - 18. Calculate m(-18).
54
Let f(d) = -3*d + 8. Determine f(3).
-1
Let i(k) = 18*k + 4. Calculate i(2).
40
Let h(o) = -o**2 - o + 7. What is h(-2)?
5
Let z(b) = -33*b + 1226. What is z(37)?
5
Let m(o) = -o**3 - 11*o**2 + 14*o - 24. Calculate m(-12).
-48
Let b(f) = -f**3 - 14*f**2 - 42*f - 21. Give b(-10).
-1
Let i(u) = u**3 + 15*u**2 - u - 10. Calculate i(-15).
5
Let s(t) = -t + 4. What is s(-8)?
12
Let i(z) = z**3 - 8*z**2 - 20*z - 3. Give i(10).
-3
Let y(u) = -u - 32. What is y(-16)?
-16
Let r(p) = p**2 + 4. Give r(5).
29
Let p(t) = 2*t + 4. Determine p(2).
8
Let i(s) = -s**2 + 11*s - 9. Determine i(11).
-9
Let a(r) = r**3 + 5*r**2 - r - 42. Calculate a(-6).
-72
Let t(c) = 2*c + 1. What is t(-1)?
-1
Let o(t) = -6*t**2 + 2*t + 14. Determine o(3).
-34
Let h(l) = -l**3 - 7*l**2 - 7*l - 36. Determine h(-7).
13
Let i(j) = j**3 - j + 6. Calculate i(0).
6
Let h(t) = -t**2 + 13*t + 4. Calculate h(16).
-44
Let c(u) = u - 2. Calculate c(3).
1
Let t(g) = -5*g - 31. Give t(-5).
-6
Let o(f) = -11*f - 111. Calculate o(-10).
-1
Let z(a) = 2*a - 2. Calculate z(3).
4
Let q(g) = 4*g + 12. Give q(-2).
4
Let k(n) = 6*n - 9. Give k(3).
9
Let k(l) = -l**3 - l**2 + 5*l + 5. What is k(-4)?
33
Let d(x) = -3*x**3 + x**2 + 49*x - 100. What is d(2)?
-22
Let v(p) = -8*p**2 + 8*p + 8. What is v(-1)?
-8
Let j(x) = 3*x - 48. What is j(17)?
3
Let m(z) = -4*z + 13. Give m(-5).
33
Let d(p) = -2*p**2 + 6*p + 4. Calculate d(-1).
-4
Let t(h) = -h**2 + 12*h - 29. What is t(6)?
7
Let d(g) = 7*g**2 + 2*g + 10. Calculate d(-3).
67
Let x(r) = 7*r + 7. Give x(-3).
-14
Let w(g) = -g**2 - 29*g - 131. Give w(-6).
7
Let z(n) = 2*n**2 - 5*n - 2. What is z(4)?
10
Let i(l) = 34*l - 78. What is i(2)?
-10
Let q(k) = k**3 - 9*k**2 + k - 1. Give q(9).
8
Let v(o) = -25*o + 155. What is v(6)?
5
Let p(g) = 2*g**3 + 53*g**2 + 25*g - 32. Calculate p(-26).
-6
Let l(v) = 29*v**3 - 3*v**2 - 3*v - 1. Calculate l(-1).
-30
Let m(p) = p**2 + p - 1. Determine m(5).
29
Let n(p) = -2*p**3 + 18*p**2 - 15*p - 16. What is n(8)?
-8
Let a(p) = -3*p - 70. Determine a(-27).
11
Let v(a) = -2*a**2 + a - 9. What is v(0)?
-9
Let i(o) = 43*o + 1. Give i(1).
44
Let i(t) = 2*t**3 - 3*t**2 - 8*t - 1. Determine i(3).
2
Let h(z) = z**3 + 8*z**2 + 6*z - 8. Give h(-6).
28
Let g(x) = -x**3 + 7*x**2 - 3. What is g(6)?
33
Let a(b) = -34*b + 1. Determine a(1).
-33
Let j(c) = c**3 + 6*c**2 - c - 7. What is j(-3)?
23
Let j(l) = -23*l - 39. Determine j(-2).
7
Let s(f) = f**3 + 19*f**2 - 17*f + 15. What is s(-20)?
-45
Let k(u) = u**3 + 5*u**2 - 3*u + 7. Calculate k(-6).
-11
Let s(k) = k**3 - 7*k**2 - 5*k + 6. Calculate s(7).
-29
Let p(b) = -6*b**2 - 5*b - 4. Give p(-3).
-43
Let t(a) = -7*a**3 - 6*a**2 + 4*a + 1. Give t(-3).
124
Let d(w) = w**2 - 8*w - 11. Determine d(8).
-11
Let q(o) = 9*o + 2. What is q(3)?
29
Let l(s) = 4*s + 2. What is l(-6)?
-22
Let t(x) = x**3 + 37*x**2 + 73*x + 103. Determine t(-35).
-2
Let v(k) = 13*k - 1. Determine v(-1).
-14
Let p(o) = 2*o**2 + 7*o + 4. Determine p(-4).
8
Let a(h) = -h**2 + 8*h + 1. Calculate a(3).
16
Let k(f) = 2*f**3 - 4*f**2 + 7*f - 9. Determine k(2).
5
Let t(v) = -v**3 - 51*v**2 - 48*v + 108. What is t(-50)?
8
Let x(f) = 4*f - 27. Give x(6).
-3
Let l(k) = -37*k - 6. What is l(0)?
-6
Let j(i) = -i**3 - 15*i**2 - i - 19. Determine j(-15).
-4
Let r(d) = 59*d - 82. What is r(1)?
-23
Let k(n) = -18*n**2 - 1. Determine k(1).
-19
Let q(a) = 3*a. Calculate q(-3).
-9
Let y(w) = -2*w**3 + 4*w**2 - 7. Give y(3).
-25
Let c(n) = -n**3 + 2*n**2 + 18*n - 7. Calculate c(5).
8
Let s(p) = -p**3 + 2*p**2 + 8*p - 4. What is s(6)?
-100
Let a(k) = k**3 - 9*k**2 - 6*k + 7. Determine a(10).
47
Let d(j) = 2*j**2 - 12*j - 11. What is d(9)?
43
Let b(x) = 33*x - 60. Give b(2).
6
Let m(x) = x + 6. Determine m(-9).
-3
Let a(k) = 11*k**2 - 13*k + 1. Give a(2).
19
Let b(a) = -126*a - 1518. Determine b(-12).
-6
Let z(v) = v**2 + v - 13. What is z(3)?
-1
Let b(y) = -y**3 + 7*y**2 + 10*y + 4. Calculate b(7).
74
Let l(q) = 294*q - 294. What is l(1)?
0
Let q(l) = 4*l**3 - 2*l**2 - 8*l + 14. Give q(2).
22
Let l(q) = -6*q**2 + 7*q + 2. Give l(2).
-8
Let w(k) = 2*k**3 + k**2 - 3*k - 1. Give w(2).
13
Let q(o) = 7*o + 1. Calculate q(5).
36
Let m(o) = 5*o - 216. What is m(42)?
-6
Let i(m) = m**3 + 4*m**2 - 2*m + 2. Determine i(-3).
17
Let h(g) = g**3 - 7*g**2 - 7*g - 4. What is h(8)?
4
Let c(r) = r**3 + 8*r**2 + 7*r - 4. What is c(-7)?
-4
Let i(r) = 4*r**2 + 3*r - 11. Determine i(2).
11
Let z(s) = 27*s**3 - 3*s - 3. Determine z(-1).
-27
Let r(u) = 5*u + 4. Give r(4).
24
Let c(a) = -a**3 + 7*a**2 - 9*a + 3. Determine c(6).
-15
Let d(w) = -23*w. Determine d(-2).
46
Let r(h) = -h**3 - 21*h**2 + 20*h + 11. Give r(-22).
55
Let d(x) = x**2 - 6*x - 3. What is d(7)?
4
Let w(r) = -r**3 + 22*r**2 - 24*r - 33. Calculate w(21).
-96
Let i(w) = -2*w**2 + 5*w + 2. Calculate i(-3).
-31
Let k(p) = 3*p**2 - 2*p - 7. Give k(-2).
9
Let i(t) = -4*t - 37. Determine i(-11).
7
Let y(j) = j**3 - j**2 - 40*j + 80. Give y(2).
4
Let m(a) = -a**3 - 15*a**2 - 6. Give m(-15).
-6
Let w(u) = u**2 + 9*u + 8. Calculate w(-6).
-10
Let s(o) = -o**3 + 8*o**2 - 19*o + 82. What is s(7)?
-2
Let k(j) = -9*j + 17. Give k(12).
-91
Let k(w) = w**3 + 7*w**2 + 6*w + 7. Determine k(-6).
7
Let w(q) = -q**3 - 8*q**2 - 5*q - 17.